{"id":12,"date":"2010-01-08T11:27:49","date_gmt":"2010-01-08T10:27:49","guid":{"rendered":"http:\/\/www.club-vosgien-lemberg.net\/wordpress\/?page_id=12"},"modified":"2011-01-14T13:39:01","modified_gmt":"2011-01-14T12:39:01","slug":"randonner","status":"publish","type":"page","link":"https:\/\/www.club-vosgien-lemberg.net\/wordpress\/?page_id=12","title":{"rendered":"Randonner \u00e0 Lemberg"},"content":{"rendered":"<p><a href=\"http:\/\/www.club-vosgien-lemberg.net\/wordpress\/wp-content\/uploads\/2010\/01\/carrefour.jpg\"><img decoding=\"async\" loading=\"lazy\" class=\"alignleft size-full wp-image-56\" title=\"carrefour\" src=\"http:\/\/www.club-vosgien-lemberg.net\/wordpress\/wp-content\/uploads\/2010\/01\/carrefour.jpg\" alt=\"\" width=\"150\" height=\"222\" \/><\/a>Le Club Vosgien de Lemberg balise et entretient pr\u00e8s de 180 kilom\u00e8tres de sentiers. Afin de les rendre accessibles au plus grand nombre d\u2019amoureux de la nature, tous les chemins sont balis\u00e9s avec les signes conventionnels de la F\u00e9d\u00e9ration du Club Vosgien.<\/p>\n<p>Vous pouvez d\u00e9couvrir en toute s\u00e9r\u00e9nit\u00e9 le fabuleux patrimoine naturel et historique qui berce le village de Lemberg. Que ce soit en sous-bois, dans les vall\u00e9es o\u00f9 coulent de nombreux ruisseaux, pr\u00e8s des sculptures gallo-romaines ou pr\u00e8s des multiples lavoirs, toute la famille pourra venir se ressourcer dans ce beau village des Vosges du Nord.<\/p>\n<p>Plusieurs circuits vous sont propos\u00e9s, mais rien ne vous emp\u00eache de pr\u00e9parer vous-m\u00eame votre sortie \u00e0 l\u2019aide de cartes au 1\/25.000\u00e8me. Pour les plus jeunes marcheurs, les \u00ab\u00a0randonn\u00e9es courtes\u00a0\u00bb d\u2019une dur\u00e9e de 1 \u00e0 4heures. Pour les randonneurs avertis ou les sportifs en qu\u00eate de performances, les parcours de 6-8 heures sont id\u00e9aux. Vous les trouverez sous la section \u00ab\u00a0randonn\u00e9es longues\u00a0\u00bb.  Enfin, les circuits dits \u00abrandonn\u00e9es de raccord \u00bb vous permettront de  faire de Lemberg une superbe \u00e9tape pour vos travers\u00e9es du Pays de Bitche et de l\u2019Alsace du Nord.<\/p>\n<p>Les dur\u00e9es de parcours sont donn\u00e9es \u00e0 titre indicatif en se basant sur une moyenne de 4 km\/h. Elles ne comprennent aucune pause.<\/p>\n<p>Bien entendu, toutes les pr\u00e9cautions d&rsquo;usages sont \u00e0 prendre : se munir d&rsquo;une carte, d&rsquo;eau et d&rsquo;un encas. Un t\u00e9l\u00e9phone portable peut-\u00eatre tr\u00e8s\u00a0utile.<\/p>\n<p>Pour certaines randonn\u00e9es, il est possible de t\u00e9l\u00e9charger le fichier .GPX et ainsi l&rsquo;utiliser directement avec votre GPS.<\/p>\n<p>Vous trouverez de nombreux exemples de sortie dans la rubrique \u00ab\u00a0Randonner \u00e0 Lemberg\u00a0\u00bb.<\/p>\n<div style=\"padding-bottom:20px; padding-top:10px;\" class=\"hupso-share-buttons\"><!-- Hupso Share Buttons - https:\/\/www.hupso.com\/share\/ --><a class=\"hupso_toolbar\" href=\"https:\/\/www.hupso.com\/share\/\"><img src=\"https:\/\/static.hupso.com\/share\/buttons\/lang\/fr\/share-medium.png\" style=\"border:0px; padding-top:5px; float:left;\" alt=\"Share Button\"\/><\/a><script type=\"text\/javascript\">var hupso_services_t=new Array(\"Twitter\",\"Facebook\",\"Email\");var hupso_background_t=\"#EAF4FF\";var hupso_border_t=\"#66CCFF\";var hupso_toolbar_size_t=\"medium\";var hupso_image_folder_url = \"\";var hupso_url_t=\"\";var hupso_title_t=\"Randonner \u00e0 Lemberg\";<\/script><script type=\"text\/javascript\" src=\"https:\/\/static.hupso.com\/share\/js\/share_toolbar.js\"><\/script><!-- Hupso Share Buttons --><\/div>","protected":false},"excerpt":{"rendered":"<p>Le Club Vosgien de Lemberg balise et entretient pr\u00e8s de 180 kilom\u00e8tres de sentiers. Afin de les rendre accessibles au plus grand nombre d\u2019amoureux de la nature, tous les chemins sont balis\u00e9s avec les signes conventionnels de la F\u00e9d\u00e9ration du Club Vosgien. Vous pouvez d\u00e9couvrir en toute s\u00e9r\u00e9nit\u00e9 le fabuleux patrimoine naturel et historique qui [&hellip;]<\/p>\n<div style=\"padding-bottom:20px; padding-top:10px;\" class=\"hupso-share-buttons\"><!-- Hupso Share Buttons - https:\/\/www.hupso.com\/share\/ --><a class=\"hupso_toolbar\" href=\"https:\/\/www.hupso.com\/share\/\"><img src=\"https:\/\/static.hupso.com\/share\/buttons\/lang\/fr\/share-medium.png\" style=\"border:0px; padding-top:5px; float:left;\" alt=\"Share Button\"\/><\/a><script type=\"text\/javascript\">var hupso_services_t=new Array(\"Twitter\",\"Facebook\",\"Email\");var hupso_background_t=\"#EAF4FF\";var hupso_border_t=\"#66CCFF\";var hupso_toolbar_size_t=\"medium\";var hupso_image_folder_url = \"\";var hupso_url_t=\"\";var hupso_title_t=\"Randonner \u00e0 Lemberg\";<\/script><script type=\"text\/javascript\" src=\"https:\/\/static.hupso.com\/share\/js\/share_toolbar.js\"><\/script><!-- Hupso Share Buttons --><\/div>","protected":false},"author":1,"featured_media":0,"parent":0,"menu_order":0,"comment_status":"open","ping_status":"closed","template":"","meta":{"_monsterinsights_skip_tracking":false,"_monsterinsights_sitenote_active":false,"_monsterinsights_sitenote_note":"","_monsterinsights_sitenote_category":0},"_links":{"self":[{"href":"https:\/\/www.club-vosgien-lemberg.net\/wordpress\/index.php?rest_route=\/wp\/v2\/pages\/12"}],"collection":[{"href":"https:\/\/www.club-vosgien-lemberg.net\/wordpress\/index.php?rest_route=\/wp\/v2\/pages"}],"about":[{"href":"https:\/\/www.club-vosgien-lemberg.net\/wordpress\/index.php?rest_route=\/wp\/v2\/types\/page"}],"author":[{"embeddable":true,"href":"https:\/\/www.club-vosgien-lemberg.net\/wordpress\/index.php?rest_route=\/wp\/v2\/users\/1"}],"replies":[{"embeddable":true,"href":"https:\/\/www.club-vosgien-lemberg.net\/wordpress\/index.php?rest_route=%2Fwp%2Fv2%2Fcomments&post=12"}],"version-history":[{"count":9,"href":"https:\/\/www.club-vosgien-lemberg.net\/wordpress\/index.php?rest_route=\/wp\/v2\/pages\/12\/revisions"}],"predecessor-version":[{"id":192,"href":"https:\/\/www.club-vosgien-lemberg.net\/wordpress\/index.php?rest_route=\/wp\/v2\/pages\/12\/revisions\/192"}],"wp:attachment":[{"href":"https:\/\/www.club-vosgien-lemberg.net\/wordpress\/index.php?rest_route=%2Fwp%2Fv2%2Fmedia&parent=12"}],"curies":[{"name":"wp","href":"https:\/\/api.w.org\/{rel}","templated":true}]}}