{"id":127,"date":"2011-01-05T14:55:27","date_gmt":"2011-01-05T13:55:27","guid":{"rendered":"http:\/\/www.club-vosgien-lemberg.net\/wordpress\/?page_id=127"},"modified":"2011-02-14T21:06:25","modified_gmt":"2011-02-14T20:06:25","slug":"nature-et-patrimoine","status":"publish","type":"page","link":"https:\/\/www.club-vosgien-lemberg.net\/wordpress\/?page_id=127","title":{"rendered":"Nature et patrimoine"},"content":{"rendered":"<div>\n<p><a href=\"http:\/\/www.club-vosgien-lemberg.net\/wordpress\/wp-content\/uploads\/2011\/01\/tourb.jpg\"><img decoding=\"async\" loading=\"lazy\" class=\"alignleft size-full wp-image-132\" title=\"tourb\" src=\"http:\/\/www.club-vosgien-lemberg.net\/wordpress\/wp-content\/uploads\/2011\/01\/tourb.jpg\" alt=\"\" width=\"150\" height=\"113\" \/><\/a>Cette promenade courte s&rsquo;environ deux heures vous fera d\u00e9couvrir un pan du patrimoine historique et naturel du Pays de Bitche. Immersion totale dans le parc naturel des Vosges du Nord.<\/p>\n<address>Distance totale:  6.5 km Dur\u00e9e de marche estim\u00e9e: 2 heures D\u00e9nivel\u00e9 positif: 200m Altitude maximum: 232 m\u00e8tres<br \/>\nD\u00e9part: Mouterhouse<br \/>\nArriv\u00e9e: Mouterhouse<br \/>\nBalisage:\u00a0Anneau bleu sur tout le parcours<\/address>\n<\/div>\n<p>a visite pour la fin du parcours.<\/p>\n<p>Le sentier s&rsquo;enfonce dans la vall\u00e9e du Bitscherthal par la petite route qui m\u00e8ne de<span> <\/span>Mouterhouse \u00e0 Bitche. Suivez le signe \u00ab\u00a0anneau bleu\u00a0\u00bb. Apr\u00e8s quelques m\u00e8tres, vous quitter le bitume pour un beau chemin de terre. Vous vous enfoncez au plus profond de la vall\u00e9e. Plus en amont la montagne \u00e9tait exploit\u00e9es. Seuls quelques passionn\u00e9s d&rsquo;histoire locale pourraient encore vous montrer l&rsquo;entr\u00e9e de ces mines de fer. Le chemin tourne \u00e0 gauche et traverse la route foresti\u00e8re <strong>(40&prime;, 2,5km)<\/strong>.<\/p>\n<p>Quelques centaines de m\u00e8tres plus loin vous vous trouvez au \u00ab\u00a0Peterphilippsgarten \u00bb ou se tenait une ferme au XVIII\u00e8me<span> <\/span>Si\u00e8cle. Malheureusement seul un puits profond et bien cach\u00e9 par la v\u00e9g\u00e9tation nous rappel ici la pr\u00e9sence de l&rsquo;homme. Un large chemin de sable vous am\u00e8ne dans une autre vall\u00e9e, la \u00ab\u00a0Weissbach\u00a0\u00bb . Les multiples \u00e9tangs vous feront d\u00e9couvrir canard sauvages, poules d&rsquo;eau et pour les plus discrets h\u00e9rons et rats musqu\u00e9s. Suivez toujours l&rsquo;anneau bleu. Un petit ruisseau vous accompagne sur votre trajet. A l&rsquo;entr\u00e9e de la vall\u00e9e, le sentier change de direction pour longer la route d\u00e9partementale <strong>(1h30&prime;, 5km)<\/strong>.<\/p>\n<p>Rapidement le ruisseau devient plus sauvage. Ici la main de l&rsquo;homme n&rsquo;a que peu d\u00e9rang\u00e9 cette magnifique for\u00eat de sur tourbi\u00e8re bois\u00e9e. Entra\u00eener-vous \u00e0 identifier l&rsquo;aulne au bois <a href=\"http:\/\/www.club-vosgien-lemberg.net\/wordpress\/wp-content\/uploads\/2011\/01\/tourb2.jpg\"><img decoding=\"async\" loading=\"lazy\" class=\"alignleft size-full wp-image-134\" title=\"tourb2\" src=\"http:\/\/www.club-vosgien-lemberg.net\/wordpress\/wp-content\/uploads\/2011\/01\/tourb2.jpg\" alt=\"\" width=\"150\" height=\"113\" \/><\/a>rouge et imputrescible ou le bouleau pubescent avec son \u00e9corce blanche. Une \u00e9paisse mousse couvre leurs racines, il s&rsquo;agit de sphaignes. Vous \u00eatre au coeur d&rsquo;un site class\u00e9 Natura 2000 : une for\u00eat sur tourbe bois\u00e9e. Longez ce fabuleux biotope pour aboutir \u00e0 l&rsquo;\u00e9tang du \u00ab\u00a0petit marteau\u00a0\u00bb. Ce dernier servait de r\u00e9serve pour alimenter un marteau pilon. On reconna\u00eet encore la battisse qui abritait cet imposant appareil que l&rsquo;on entendait jusqu&rsquo;\u00e0 Lemberg lorsque les vents \u00e9taient favorables !Suivez sur quelques m\u00e8tres la route d\u00e9partementale. Vous acc\u00e9dez \u00e0 la chapelle en empruntant un petit pont de bois qui traverse la Zinsel du Nord. N&rsquo;oubliez pas de jeter un oeil sur les vestiges d&rsquo;un ch\u00e2teau m\u00e9di\u00e9val \u00e0 votre droite <strong>(6.5 km, 1h40&prime;)<\/strong>.<\/p>\n<p class=\"MsoNormal\">Pour cl\u00f4turer cette randonn\u00e9e, n&rsquo;h\u00e9sitez pas \u00e0 visiter la chapelle dat\u00e9e de 1504.<\/p>\n<p class=\"MsoNormal\"><a href=\"http:\/\/www.club-vosgien-lemberg.net\/wordpress\/wp-content\/uploads\/2011\/01\/anneau_bleu11.png\"><img decoding=\"async\" loading=\"lazy\" class=\"aligncenter size-full wp-image-128\" title=\"anneau_bleu1\" src=\"http:\/\/www.club-vosgien-lemberg.net\/wordpress\/wp-content\/uploads\/2011\/01\/anneau_bleu11.png\" alt=\"\" width=\"400\" height=\"250\" \/><\/a><\/p>\n<p class=\"MsoNormal\" style=\"text-align: center;\">\n<address style=\"text-align: center;\"><a href=\"\/fichier\/anneau_bleu.gpx\"><\/a><span style=\"font-size: 12px; color: #000000; line-height: 17px;\">Profil de la randonn\u00e9e et carte g\u00e9n\u00e9r\u00e9 avec G\u00e9orando (www.ign.fr)<\/span><\/address>\n<div style=\"padding-bottom:20px; padding-top:10px;\" class=\"hupso-share-buttons\"><!-- Hupso Share Buttons - https:\/\/www.hupso.com\/share\/ --><a class=\"hupso_toolbar\" href=\"https:\/\/www.hupso.com\/share\/\"><img src=\"https:\/\/static.hupso.com\/share\/buttons\/lang\/fr\/share-medium.png\" style=\"border:0px; padding-top:5px; float:left;\" alt=\"Share Button\"\/><\/a><script type=\"text\/javascript\">var hupso_services_t=new Array(\"Twitter\",\"Facebook\",\"Email\");var hupso_background_t=\"#EAF4FF\";var hupso_border_t=\"#66CCFF\";var hupso_toolbar_size_t=\"medium\";var hupso_image_folder_url = \"\";var hupso_url_t=\"\";var hupso_title_t=\"Nature et patrimoine\";<\/script><script type=\"text\/javascript\" src=\"https:\/\/static.hupso.com\/share\/js\/share_toolbar.js\"><\/script><!-- Hupso Share Buttons --><\/div>","protected":false},"excerpt":{"rendered":"<p>Cette promenade courte s&rsquo;environ deux heures vous fera d\u00e9couvrir un pan du patrimoine historique et naturel du Pays de Bitche. Immersion totale dans le parc naturel des Vosges du Nord. Distance totale: 6.5 km Dur\u00e9e de marche estim\u00e9e: 2 heures D\u00e9nivel\u00e9 positif: 200m Altitude maximum: 232 m\u00e8tres D\u00e9part: Mouterhouse Arriv\u00e9e: Mouterhouse Balisage:\u00a0Anneau bleu sur tout [&hellip;]<\/p>\n<div style=\"padding-bottom:20px; padding-top:10px;\" class=\"hupso-share-buttons\"><!-- Hupso Share Buttons - https:\/\/www.hupso.com\/share\/ --><a class=\"hupso_toolbar\" href=\"https:\/\/www.hupso.com\/share\/\"><img src=\"https:\/\/static.hupso.com\/share\/buttons\/lang\/fr\/share-medium.png\" style=\"border:0px; padding-top:5px; float:left;\" alt=\"Share Button\"\/><\/a><script type=\"text\/javascript\">var hupso_services_t=new Array(\"Twitter\",\"Facebook\",\"Email\");var hupso_background_t=\"#EAF4FF\";var hupso_border_t=\"#66CCFF\";var hupso_toolbar_size_t=\"medium\";var hupso_image_folder_url = \"\";var hupso_url_t=\"\";var hupso_title_t=\"Nature et patrimoine\";<\/script><script type=\"text\/javascript\" src=\"https:\/\/static.hupso.com\/share\/js\/share_toolbar.js\"><\/script><!-- Hupso Share Buttons --><\/div>","protected":false},"author":1,"featured_media":0,"parent":14,"menu_order":0,"comment_status":"closed","ping_status":"closed","template":"onecolumn-page.php","meta":{"_monsterinsights_skip_tracking":false,"_monsterinsights_sitenote_active":false,"_monsterinsights_sitenote_note":"","_monsterinsights_sitenote_category":0},"_links":{"self":[{"href":"https:\/\/www.club-vosgien-lemberg.net\/wordpress\/index.php?rest_route=\/wp\/v2\/pages\/127"}],"collection":[{"href":"https:\/\/www.club-vosgien-lemberg.net\/wordpress\/index.php?rest_route=\/wp\/v2\/pages"}],"about":[{"href":"https:\/\/www.club-vosgien-lemberg.net\/wordpress\/index.php?rest_route=\/wp\/v2\/types\/page"}],"author":[{"embeddable":true,"href":"https:\/\/www.club-vosgien-lemberg.net\/wordpress\/index.php?rest_route=\/wp\/v2\/users\/1"}],"replies":[{"embeddable":true,"href":"https:\/\/www.club-vosgien-lemberg.net\/wordpress\/index.php?rest_route=%2Fwp%2Fv2%2Fcomments&post=127"}],"version-history":[{"count":7,"href":"https:\/\/www.club-vosgien-lemberg.net\/wordpress\/index.php?rest_route=\/wp\/v2\/pages\/127\/revisions"}],"predecessor-version":[{"id":226,"href":"https:\/\/www.club-vosgien-lemberg.net\/wordpress\/index.php?rest_route=\/wp\/v2\/pages\/127\/revisions\/226"}],"up":[{"embeddable":true,"href":"https:\/\/www.club-vosgien-lemberg.net\/wordpress\/index.php?rest_route=\/wp\/v2\/pages\/14"}],"wp:attachment":[{"href":"https:\/\/www.club-vosgien-lemberg.net\/wordpress\/index.php?rest_route=%2Fwp%2Fv2%2Fmedia&parent=127"}],"curies":[{"name":"wp","href":"https:\/\/api.w.org\/{rel}","templated":true}]}}